 the prime factors of m.
173
Let h = -143 - -223. Suppose t + t = -h. Let d = -29 - t. List the prime factors of d.
11
Let w(q) = -8*q + 12. Suppose -11*n - 6 = 38. List the prime factors of w(n).
2, 11
Suppose -2*a - 3*m + 248 + 68 = 0, 8 = 4*m. Suppose 4*n = 29 + a. List the prime factors of n.
2, 23
Suppose -2*g + 3 = 1, 3*k - 4*g + 1 = 0. Let n(f) = 3 + 0 + 1 + f - 5 + 49*f**3. What are the prime factors of n(k)?
7
List the prime factors of (172/(-3))/(8/(-36)).
2, 3, 43
Suppose -67*q = -91692 - 31253. List the prime factors of q.
5, 367
Let a be -2*(-3 + 26/1). Let h = 16 + a. Let l = h - -44. What are the prime factors of l?
2, 7
Let l be 12 + -15 - 1*-3. Suppose -4*k + 101 = 5*m, l*k = -5*k + m + 148. List the prime factors of k.
29
Suppose 0 = 3*y - v - 797 - 656, -2*y - 4*v + 992 = 0. What are the prime factors of y?
2, 3
Let t(d) = 3*d**3 - d**2 - 2*d + 2. Let l be t(2). Suppose -w + 0*w = -3*n - 13, -4*n = 12. Suppose w*r = 2*r + l. What are the prime factors of r?
3
Let w(u) be the first derivative of u**4/4 - u**3/3 - 4*u**2 - 4*u + 21. List the prime factors of w(7).
2, 3, 13
Let r = -10 + 13. Let y be r/3*2 - -1. Suppose 4*j - 3*v - 49 = 0, -74 = -4*j + y*v - 5*v. List the prime factors of j.
2
Let k = -355 - -345. Let o(i) = -i**3 + 5*i**2 + 3*i + 4. Let u be o(6). Let x = k - u. What are the prime factors of x?
2
Let k = -29 + 34. Let m = 9 + k. What are the prime factors of m?
2, 7
Let i(l) = -20*l - 5. Let d(s) = 1. Suppose 0*j - 4*j + 26 = -5*g, -3*j - 3*g = -6. Let x(v) = j*d(v) + i(v). List the prime factors of x(-3).
59
Let m(o) = 4*o**2 + 3*o + 7. Let l(p) = p**2 + p - 1. Let n(v) = 5*l(v) - m(v). Let x(d) = d**2 + 4*d + 6. Let q be x(-4). List the prime factors of n(q).
2, 3
Let m(q) = 190*q - 228. What are the prime factors of m(7)?
2, 19, 29
Suppose -10*j = -65 + 275. What are the prime factors of (3 - (2 - j/6))*-14?
5, 7
Suppose 2*z - 199 = 63. Let r = 214 - z. What are the prime factors of r?
83
Let x(a) = a**3 + 13*a**2 + 10*a - 9. Let o = 104 - 113. List the prime factors of x(o).
3, 5
Let b(s) = -s**3 - 2*s**2 - 13*s - 20. Let x be b(-5). Let i = -92 + x. What are the prime factors of i?
2, 7
Let z(g) = -g**2 - g**2 + g - 3 + 4*g**2 + 6*g. What are the prime factors of z(3)?
2, 3
Let g(a) = a**3 + 41*a**2 + 200*a + 29. List the prime factors of g(-32).
5, 569
Let l = 24 + -24. Let i be (l + 1)/((-13)/(-104)). Suppose 370 = -3*s + i*s. List the prime factors of s.
2, 37
Let w(i) = i - 18. Let f be w(12). Let b(o) = -8*o + 4. List the prime factors of b(f).
2, 13
Let p(u) = -u**3 + 7*u**2 - 5*u - 7. Let z be p(6). What are the prime factors of 73 + z - (-1 - 3)?
2, 19
Suppose 4*m = 4, -m + 2 = -o + 4*m. Suppose 4*f = 3*c - 671, 5*c - c = -o*f + 903. List the prime factors of c.
3, 5
Let a(n) = 4*n + 2. Let s be a(-3). Let h be 2/10 - 28/s. Suppose h*z - 3 = -3*u, -4 - 8 = -4*u - 2*z. What are the prime factors of u?
5
Suppose -2*c = -c + 2*x + 40, 5*c - x + 178 = 0. Let m = c - -64. What are the prime factors of m?
2, 7
List the prime factors of 700938/441 - 3/7.
7, 227
Suppose 4*o = -33*x + 28*x + 2142, 4*x = -o + 541. List the prime factors of o.
13, 41
Let i be -5 + (-3 - (-17 - 1)). Suppose 56 = 6*z - i. List the prime factors of z.
11
Let a be (1 + 54)/((-2)/(-2)). Let u = a - 173. Let o = -35 - u. What are the prime factors of o?
83
Let c = -144 - -156. Suppose -6*z + 5994 = c*z. List the prime factors of z.
3, 37
Suppose 5*y - 20 = y, -2*n - 4*y + 7156 = 0. List the prime factors of n.
2, 223
Let k(o) = -o**3 + 16*o**2 + 19*o + 24. Suppose 5*u - 4*y = 105, -2*u - 2*y + 13 = -11. List the prime factors of k(u).
2, 29
What are the prime factors of (308 - -1) + -29 + 26?
2, 3, 17
Suppose 274 = -11*y + 879. What are the prime factors of y?
5, 11
Let s(v) = 2*v**3 + 8*v**2 + 8*v + 22. Let k be s(-5). Let c = 398 - 281. Let r = k + c. What are the prime factors of r?
7
Let h = 52 + -49. Suppose 0 = -h*i + 3 + 24. What are the prime factors of i?
3
Suppose -9 = 2*k - 3*k. Let m be 20/15*k/(-6). List the prime factors of 3/(m/(-78)*3).
3, 13
Let o(w) be the first derivative of w**4/2 - w**3 - 7*w**2/2 + 7*w + 4. What are the prime factors of o(5)?
3, 7
Let z = -11 - -8. Let i be 154/21*z/(-1). Suppose -i + 0 = -2*s. What are the prime factors of s?
11
Suppose -10*s = -428 - 262. Let q = s + -20. List the prime factors of q.
7
Let q(f) = 7*f**3 - 2*f**2 + f. Let g be q(1). Suppose g*p - 11 = 1. List the prime factors of 40/p + (-16)/(-4).
2, 3
Suppose -724 = -g + 3*s, -10 = -s - 4*s. List the prime factors of g.
2, 5, 73
Let c(m) = 6*m - 32. List the prime factors of c(18).
2, 19
Let r = -437 - -2227. What are the prime factors of r?
2, 5, 179
Let t(f) = -f - 2. Suppose 20 = 6*w - w. Let p(j) = -2*j - 3. Let h(s) = w*p(s) - 7*t(s). List the prime factors of h(-11).
13
Let p = -23 + 23. Suppose 3*s + 86 = 3*r - 52, -5*r - s + 254 = p. Suppose -r = -3*u - 2*u. What are the prime factors of u?
2, 5
Let v(s) = -27*s - 15. Let q be v(-6). Let o = -75 + q. What are the prime factors of (o/32)/((-3)/(-104))?
2, 3, 13
Let m(x) = -15*x. Let v = -25 + 41. Suppose -q + 2*q + 4*o = 15, 4*o = v. List the prime factors of m(q).
3, 5
Let w = 38 + -23. Suppose w*h - 8 = 11*h. Suppose h*o + 7*z = 4*z + 66, o = z + 23. List the prime factors of o.
3
What are the prime factors of (21/7 - 8) + 1123?
2, 13, 43
Let g(m) = 3*m + 24. Let a(q) = 0*q**2 + 0*q - q**2 - 2*q**2 + q**3 - 4*q. Let u be a(4). List the prime factors of g(u).
2, 3
Let i = -18 - -12. Suppose -5 = -34*m + 39*m. What are the prime factors of 3/m*32/i?
2
Let c(o) be the third derivative of 29*o**4/24 - o**3/6 - 5*o**2. Let l be c(2). Suppose -3*y + 6*y = l. List the prime factors of y.
19
Let c be (6 + -14)/(2/(-3)). Suppose 9*l = c*l - 99. What are the prime factors of l?
3, 11
Let q(g) = 29*g + 1. Let s be q(1). Suppose 4*u - 5*o = -s - 62, o = -u - 23. Let d = u + 48. List the prime factors of d.
5
Suppose 2*z = 3*z + 2*x - 134, 0 = x. Suppose k - 16 = z. What are the prime factors of k?
2, 3, 5
Suppose 0 = 5*m - 2*x - 1407, -3*m + 5*x - 6*x = -853. List the prime factors of m.
283
Let o = -600 + 1287. List the prime factors of o.
3, 229
Let l(k) = -k**2 - 15*k - 11. Let o be l(-14). Suppose -65 = -o*x + 91. List the prime factors of x.
2, 13
Suppose 3*c - 90 = c. Let b = 88 + -59. Let u = c - b. What are the prime factors of u?
2
Let c(b) = 3*b**3 + b. Let a be c(1). Suppose a*g - g - 134 = -2*n, 0 = -5*g - 2*n + 230. What are the prime factors of g?
2, 3
Let t(d) = -d**3 - 7*d**2 + 4*d + 8. Suppose -4*b + 44 = -6*b. Let a = b + 14. What are the prime factors of t(a)?
2, 5
List the prime factors of (-126068)/(-60) - 18/135.
11, 191
Suppose -4051 = 6*x - 16225. List the prime factors of x.
2029
Suppose -4*g = 5*w + g + 5, -4*g = 4. Suppose -5*t + 2*c + 425 = w, -3*c - 574 = -5*t - 149. List the prime factors of t.
5, 17
Let v = -6 + 3. Let j be v/1*(-78)/9. List the prime factors of (6/(-4))/((-3)/j).
13
Suppose -3*q = -5*q + 16. Suppose 0 = -f - 2*c + 94, -5*c - q + 108 = f. List the prime factors of f.
2, 3, 5
Let v = 836 + -99. Suppose d = -3*b + 439, 4*b = -b + d + v. What are the prime factors of b?
3, 7
Let b(p) be the third derivative of -p**6/120 + p**5/12 - p**4/8 - 2*p**3/3 - 4*p**2. Let q be b(4). Suppose 2*i - 52 = -q*i. What are the prime factors of i?
2, 13
Suppose 0 = -0*f + 2*f - 26. Suppose 10*i - 17*i - 35 = 0. Let k = i + f. What are the prime factors of k?
2
Let c = 50 + -11. Suppose -v = -3*h - 38, v + 0*v + c = -4*h. Let t = h + 14. List the prime factors of t.
3
Let n(q) = -q. Let c(d) = d**3 - 10*d**2 - 7*d + 6. Let h(o) = -c(o) - 5*n(o). List the prime factors of h(11).
5
Let a(o) = 3*o**2 + o + 4. Let t = -112 - -103. List the prime factors of a(t).
2, 7, 17
Let x be (2 - (-3 - -1)) + -3. What are the prime factors of 0 - 2 - (-1)/(x/46)?
2, 11
Let h(t) = t - 5. Let u be h(3). Let n be (-1 - u)*(-10)/(-2). Let s(p) = 2*p**2 - 7*p + 4. What are the prime factors of s(n)?
19
Let n(z) = 255*z**2 - 3*z - 3. List the prime factors of n(-2).
3, 11, 31
List the prime factors of (-4)/((-32)/56) - -512.
3, 173
Let f = 2314 + -1480. What are the prime factors of f?
2, 3, 139
Let f = 4720 - 2718. What are the prime factors of f?
2, 7, 11, 13
Supp